{"id":2013,"date":"2025-07-31T11:52:03","date_gmt":"2025-07-31T09:52:03","guid":{"rendered":"https:\/\/www.trueffel-vom-hof.ch\/?post_type=producers&#038;p=2013"},"modified":"2025-08-12T12:45:34","modified_gmt":"2025-08-12T10:45:34","slug":"barbara-demont","status":"publish","type":"producers","link":"https:\/\/www.trueffel-vom-hof.ch\/fr\/producers\/barbara-demont\/","title":{"rendered":"Barbara Demont"},"content":{"rendered":"\n<p>Depuis 2014, <strong>Barbara Demont<\/strong> cultive avec passion la truffe sur les coteaux de Vullierens, dans le Canton de Vaud. Apr\u00e8s pr\u00e8s de dix ans de patience, elle a r\u00e9colt\u00e9 sa <strong>premi\u00e8re truffe<\/strong>, un moment qu\u2019elle d\u00e9crit comme \u00ab\u202fmagique\u202f\u00bb.<\/p>\n\n\n\n<p>Sa truffi\u00e8re de <strong>380 arbres mycorhiz\u00e9s<\/strong> \u2013 ch\u00eanes, tilleuls et c\u00e8dres de l\u2019Atlas \u2013 s\u2019\u00e9panouit sur un terrain en pente de <strong>14\u202f000 m\u00b2<\/strong>, offrant un environnement id\u00e9al pour les <strong>truffes de Bourgogne (Tuber uncinatum)<\/strong> et les <strong>truffes noires du P\u00e9rigord (Tuber melanosporum)<\/strong>.<\/p>\n\n\n\n<p>Accompagn\u00e9e de son chien truffier <strong>Piff<\/strong>, Barbara r\u00e9colte ses truffes \u00e0 maturit\u00e9, avec soin et respect de la terre. Confiseuse de formation et passionn\u00e9e d\u2019apiculture, elle sublime ses r\u00e9coltes en <strong>cr\u00e9ations gourmandes<\/strong>\u202f: miel \u00e0 la truffe, fromage frais \u00e0 la truffe et Tucraks au levain, caramels \u00e0 la truffe, macarons \u00e0 la truffe &#8230;<\/p>\n\n\n\n<p><\/p>\n","protected":false},"excerpt":{"rendered":"<p>Depuis 2014, Barbara Demont cultive avec passion la truffe sur les coteaux de Vullierens, dans le Canton de Vaud. Apr\u00e8s pr\u00e8s de dix ans de patience, elle a r\u00e9colt\u00e9 sa premi\u00e8re truffe, un moment qu\u2019elle d\u00e9crit comme \u00ab\u202fmagique\u202f\u00bb. Sa truffi\u00e8re de 380 arbres mycorhiz\u00e9s \u2013 ch\u00eanes, tilleuls et c\u00e8dres de l\u2019Atlas \u2013 s\u2019\u00e9panouit sur un [&hellip;]<\/p>\n","protected":false},"featured_media":2014,"template":"","meta":{"_acf_changed":true,"site-sidebar-layout":"default","site-content-layout":"","ast-site-content-layout":"default","site-content-style":"default","site-sidebar-style":"default","ast-global-header-display":"","ast-banner-title-visibility":"","ast-main-header-display":"","ast-hfb-above-header-display":"","ast-hfb-below-header-display":"","ast-hfb-mobile-header-display":"","site-post-title":"","ast-breadcrumbs-content":"","ast-featured-img":"","footer-sml-layout":"","theme-transparent-header-meta":"","adv-header-id-meta":"","stick-header-meta":"","header-above-stick-meta":"","header-main-stick-meta":"","header-below-stick-meta":"","astra-migrate-meta-layouts":"set","ast-page-background-enabled":"default","ast-page-background-meta":{"desktop":{"background-color":"","background-image":"","background-repeat":"repeat","background-position":"center center","background-size":"auto","background-attachment":"scroll","background-type":"","background-media":"","overlay-type":"","overlay-color":"","overlay-opacity":"","overlay-gradient":""},"tablet":{"background-color":"","background-image":"","background-repeat":"repeat","background-position":"center center","background-size":"auto","background-attachment":"scroll","background-type":"","background-media":"","overlay-type":"","overlay-color":"","overlay-opacity":"","overlay-gradient":""},"mobile":{"background-color":"","background-image":"","background-repeat":"repeat","background-position":"center center","background-size":"auto","background-attachment":"scroll","background-type":"","background-media":"","overlay-type":"","overlay-color":"","overlay-opacity":"","overlay-gradient":""}},"ast-content-background-meta":{"desktop":{"background-color":"var(--ast-global-color-5)","background-image":"","background-repeat":"repeat","background-position":"center center","background-size":"auto","background-attachment":"scroll","background-type":"","background-media":"","overlay-type":"","overlay-color":"","overlay-opacity":"","overlay-gradient":""},"tablet":{"background-color":"var(--ast-global-color-5)","background-image":"","background-repeat":"repeat","background-position":"center center","background-size":"auto","background-attachment":"scroll","background-type":"","background-media":"","overlay-type":"","overlay-color":"","overlay-opacity":"","overlay-gradient":""},"mobile":{"background-color":"var(--ast-global-color-5)","background-image":"","background-repeat":"repeat","background-position":"center center","background-size":"auto","background-attachment":"scroll","background-type":"","background-media":"","overlay-type":"","overlay-color":"","overlay-opacity":"","overlay-gradient":""}}},"produzentenkategorie":[45],"class_list":["post-2013","producers","type-producers","status-publish","has-post-thumbnail","hentry","produzentenkategorie-romandie"],"acf":[],"_links":{"self":[{"href":"https:\/\/www.trueffel-vom-hof.ch\/fr\/wp-json\/wp\/v2\/producers\/2013","targetHints":{"allow":["GET"]}}],"collection":[{"href":"https:\/\/www.trueffel-vom-hof.ch\/fr\/wp-json\/wp\/v2\/producers"}],"about":[{"href":"https:\/\/www.trueffel-vom-hof.ch\/fr\/wp-json\/wp\/v2\/types\/producers"}],"wp:featuredmedia":[{"embeddable":true,"href":"https:\/\/www.trueffel-vom-hof.ch\/fr\/wp-json\/wp\/v2\/media\/2014"}],"wp:attachment":[{"href":"https:\/\/www.trueffel-vom-hof.ch\/fr\/wp-json\/wp\/v2\/media?parent=2013"}],"wp:term":[{"taxonomy":"produzentenkategorie","embeddable":true,"href":"https:\/\/www.trueffel-vom-hof.ch\/fr\/wp-json\/wp\/v2\/produzentenkategorie?post=2013"}],"curies":[{"name":"wp","href":"https:\/\/api.w.org\/{rel}","templated":true}]}}

<p>Depuis 2014, <strong>Barbara Demont</strong> cultive avec passion la truffe sur les coteaux de Vullierens, dans le Canton de Vaud. Après près de dix ans de patience, elle a récolté sa <strong>première truffe</strong>, un moment qu’elle décrit comme « magique ».</p>



<p>Sa truffière de <strong>380 arbres mycorhizés</strong> – chênes, tilleuls et cèdres de l’Atlas – s’épanouit sur un terrain en pente de <strong>14 000 m²</strong>, offrant un environnement idéal pour les <strong>truffes de Bourgogne (Tuber uncinatum)</strong> et les <strong>truffes noires du Périgord (Tuber melanosporum)</strong>.</p>



<p>Accompagnée de son chien truffier <strong>Piff</strong>, Barbara récolte ses truffes à maturité, avec soin et respect de la terre. Confiseuse de formation et passionnée d’apiculture, elle sublime ses récoltes en <strong>créations gourmandes</strong> : miel à la truffe, fromage frais à la truffe et Tucraks au levain, caramels à la truffe, macarons à la truffe &#8230;</p>



<p></p>

<p>Depuis 2014, Barbara Demont cultive avec passion la truffe sur les coteaux de Vullierens, dans le Canton de Vaud. Après près de dix ans de patience, elle a récolté sa première truffe, un moment qu’elle décrit comme « magique ». Sa truffière de 380 arbres mycorhizés – chênes, tilleuls et cèdres de l’Atlas – s’épanouit sur un [&hellip;]</p>
